et m(l) be the first derivative of l**3/3 - 4*l**2 + 3*l - 21. What is the units digit of m(-12)?
3
Let r(p) = 2*p**2 - 37*p - 109. What is the tens digit of r(35)?
4
Suppose -27*l - 27*l + 27540 = 0. What is the hundreds digit of l?
5
Suppose 4*n - 1510 = -2*g, 0 = -3*g - 3*n + 1949 + 319. What is the units digit of g?
7
Let b be 4/(-4) - (4 - 20). Suppose -2*r + b = -131. What is the units digit of r?
3
Suppose 8*f - 645 = 5*f. Let d = 301 - f. What is the tens digit of d?
8
Suppose -42*i + 5317 + 47771 = 0. What is the thousands digit of i?
1
Suppose 1375 = 9*m - 1865. What is the tens digit of m?
6
Let v = 1261 - 782. What is the hundreds digit of v?
4
Let k(u) = -u**3 - u**2 + 2*u + 2. Let c = 1 - 2. Let x be k(c). Suppose d + 22 = -x*n + n, 2*n - 42 = 4*d. What is the tens digit of n?
2
Suppose -5757 + 2105 = -m - 3*r, 4*r - 14584 = -4*m. What is the thousands digit of m?
3
Let a(j) = j**2 + 12*j + 17. Let n be a(-15). Suppose 0 = 3*q + 2*q + 10, 4*g + 3*q = -n. Let z = g + 31. What is the tens digit of z?
1
Suppose 2 = p + q - 3*q, 2*q - 70 = -5*p. Suppose 4*h - 8 = -0*h. What is the units digit of p/(-15)*(-25)/h?
0
Suppose 3*k + p = -37 + 275, 233 = 3*k + 2*p. Suppose 3*m - k - 132 = 0. What is the tens digit of m?
7
Let y(n) = 38*n - 46. Let v be y(15). Suppose -13*l = -17*l + v. What is the tens digit of l?
3
Suppose -8*o + 9*o - 161 = 0. Suppose -7*b = -6*b - o. What is the hundreds digit of b?
1
What is the tens digit of ((-9 - -8) + 2)*(42 + -1)?
4
Let m = -20 + 27. Suppose 0 = -m*x + 1931 - 615. What is the units digit of x?
8
Let p(s) = s**2 + 8*s + 7. Let o be p(-9). Let b = o + -24. What is the units digit of b/6*6/(-2)?
4
Let n(b) = 5*b + 2. Let f be n(-2). Suppose 3*l - 5*l + 68 = 2*o, -106 = -4*o + 2*l. Let s = o + f. What is the units digit of s?
1
Let z = 2290 - 755. What is the hundreds digit of z?
5
Let v(f) = -10*f - 4. Let i be v(-3). Let s = 76 - i. Let r = 13 + s. What is the tens digit of r?
6
Let k = -838 + 1471. Suppose 0*a = -3*a + k. What is the tens digit of a?
1
Let d = 5 + 2. Let n(s) = 8*s - 19. What is the units digit of n(d)?
7
Let y = 22 - 10. Suppose g = -2*g + y. Suppose 0 = 3*a - 3*s - 90, g*a - 3*s - 121 = -0*s. What is the units digit of a?
1
Let j be (9 - 6)/((-6)/(-134)). Let w = -130 + j. What is the tens digit of (w + 1)/(-13 - -12)?
6
Let b(r) = -2*r**2 + r + 44. Let g be b(0). Suppose -a = -40 - g. What is the units digit of a?
4
What is the tens digit of (-1263)/(-3) + 10 + -8?
2
Suppose -p = 1, -u - 2*p + 9 - 4 = 0. Let j(f) = 0 - f**2 + 10*f - 1 - 5. What is the units digit of j(u)?
5
Let g = 1991 + -189. What is the units digit of g?
2
Suppose -23441 + 1016 = -15*l. What is the hundreds digit of l?
4
Let a = -1002 + 4185. What is the thousands digit of a?
3
Let v(x) = -25*x + 388. What is the units digit of v(15)?
3
Let f = 18 - 12. Let n(k) = -7*k**2 + 5*k - 27. Let p(m) = -4*m**2 + 3*m - 14. Let s(i) = -3*n(i) + 5*p(i). What is the units digit of s(f)?
7
Let m(r) = -r. Let s be m(9). Let p = 50 + s. What is the units digit of p?
1
What is the hundreds digit of (-12)/10 - (-35616)/105?
3
Suppose 5*d - a - 754 = 0, 5*d + 4*a - 730 = -a. Let k = -90 + d. What is the units digit of k?
0
Suppose -15 = -2*i - 9. Suppose i*g + g - 32 = 0. What is the units digit of g?
8
Let a(i) = 118*i + 216. What is the hundreds digit of a(9)?
2
Let s(m) = m**3 - 2*m**2 - 2*m + 1. Let i be s(2). What is the units digit of 1 + -42*(i + (-12)/(-28))?
9
Let v be (27 + 9)*(-2)/(-4). Let d = v + 33. What is the tens digit of d?
5
Suppose 4*m - 3*m = -27. Let h = 56 + m. What is the units digit of h?
9
Let q be (0 - 3/9)*0. Let b be (q - -1)*0/(-2). Suppose 5*z - 4*v - 25 = b, 0*z - 2*v = 4*z - 20. What is the units digit of z?
5
Let q be -1187 + -2 + 1 + -2. Let a be 3/(-9) + q/(-15). What is the units digit of a/11 - 2/11?
7
Let b(z) = -z**3 + 10*z**2 + 8*z + 1. Let g be b(7). Suppose 3*j = 9, 4*u = u + j + g. What is the tens digit of u?
6
Let x(r) = -7*r**3 + 9*r - 15. Let o(z) = -z**3 - z**2 - z - 1. Let v(g) = -6*o(g) + x(g). What is the units digit of v(7)?
7
Let b(j) = -3*j + 12. Let a be b(-6). Suppose -6*x + a = -0. Suppose y - 2*y + 4*s = 0, -4*y + x*s + 22 = 0. What is the units digit of y?
8
Let g(p) = 9*p - 1. Let q be g(-7). Suppose -4*d + 16 = 0, 7*h - 2*d = 2*h - 543. Let n = q - h. What is the tens digit of n?
4
Suppose -d + 4*t = 20, -2*d - 3*t = -3*d - 15. Suppose -5*b = -d*b - 50. What is the tens digit of b?
1
Let p be 92 - ((1 - 3) + 0). Let q = 167 + p. What is the units digit of q?
1
Let y = -16 + 19. Suppose l - v - 26 = y*v, -l = 3*v - 5. What is the units digit of (l/3)/((-24)/(-36))?
7
Suppose 2*s + 3*x = 16, 4*x + 0 - 16 = 0. Suppose 2*v + 0*n = s*n + 446, -5*v = -2*n - 1118. What is the tens digit of v?
2
Let c = -114 - -66. Let v = 70 + c. What is the tens digit of v?
2
Let f(u) = 52*u**2 + 7*u - 9. What is the hundreds digit of f(2)?
2
Let f = -21 + 33. Suppose 2*o + y + f = 3*y, 0 = 2*y - 2. Let d(i) = i**3 + 6*i**2 - i + 5. What is the tens digit of d(o)?
3
Let i be 6/(-15) - 908/(-20). What is the units digit of (30/i)/((-2)/(-204))?
8
Let g = -974 - -6504. What is the hundreds digit of g?
5
Suppose -3*f - 78 = 3*r - 6*f, f = 2*r + 54. Suppose -5*d = 3*p + 49, 2*d - 2*p - 4 + 14 = 0. Let g = d - r. What is the tens digit of g?
2
Let k be 178/(27/126 + (-2)/(-7)). Suppose 3*b - 568 = j, 2*b + 2*j - k = -3*j. What is the units digit of b?
8
Let a be ((2 + -42)/5)/(-1). Suppose 3*v = 7 + a. What is the units digit of v?
5
Let j = 594 + -264. What is the tens digit of j?
3
Let g = 6 - 4. Suppose -g*p = -3*p + 16. Suppose -u = -p - 2. What is the units digit of u?
8
Let o = -630 + 2076. What is the tens digit of o?
4
Suppose 7510 + 403 = 41*c. What is the hundreds digit of c?
1
Let a be (-4)/6 - (-160)/60. Suppose h = -2*h + 4*c + 210, 140 = 2*h - a*c. What is the units digit of h?
0
Let p(o) = -386*o - 39. What is the hundreds digit of p(-2)?
7
Suppose 0 = -4*a - 0 + 20. Suppose -a - 5 = -5*v. What is the units digit of ((-60)/(-25))/(v/15)?
8
Suppose 107 - 17 = 2*i. Suppose -390 = 49*v - 55*v. Let d = v - i. What is the tens digit of d?
2
Suppose 25792 = 54*n - 41*n. What is the units digit of n?
4
Suppose 2 - 4 = -y. Suppose -y*t - t - 2*b + 27 = 0, 18 = 2*t + 3*b. What is the units digit of 6/t - 2/(-6)?
1
Let f(u) = -u**3 - 11*u**2 + 13*u + 14. Let k be f(-12). Suppose k*j - 72 = 4*h, -1 = 3*h + 2. Let q = j - 1. What is the units digit of q?
3
What is the units digit of 2*4055/(-50)*-5?
1
Let h = 43 - -37. Suppose -w - 2*j = -271 + h, -w + 171 = -2*j. What is the hundreds digit of w?
1
Let c be (-32)/(-5) + (-4)/10. Let j be 54/4*356/c. What is the tens digit of (-2)/3 - j/(-27)?
2
Let b(o) = o**2 + 9*o - 37. Let r be b(-12). What is the units digit of (0 - (-465)/(-5))/r?
3
Let d = -109 - -1065. What is the tens digit of d?
5
Let g be -7*(-2 - -3)*-45. Suppose -8*k = -k - g. What is the tens digit of k?
4
Let m be 2*(0 + 1 + 0). Suppose 5*y - 22 = 3*p, -m*y - 7*p + 2*p = 16. What is the tens digit of y + 21/1 + 1?
2
Let w = -72 - -64. What is the units digit of 42/(((-2)/(-12))/((-2)/w))?
3
Let s = 8 + 48. Let g = -37 + s. Let h = g - -8. What is the units digit of h?
7
What is the hundreds digit of -1*(5 - 1) + 279?
2
Let k be (-381)/(-9) + 2/3. Suppose k = -m - 17. What is the tens digit of (-3 - m)*(-2)/(-6)?
1
Suppose 2*q + 5*s = 34, -3*q + 2*q + 2*s - 1 = 0. Let u = -24 - -41. Suppose -u - q = -m. What is the tens digit of m?
2
Suppose 26*i = 21*i + 335. Let c = 6 + i. What is the units digit of c?
3
Suppose n + 3*w = 15, -11 = -n - 3*w + w. What is the hundreds digit of (-58)/((-1)/n - (-8)/(-48))?
1
Let o = 144 + -134. What is the tens digit of (5/(25/18))/(o/675)?
4
Let m(h) = 2*h**2 + 2*h - 9. Let s be m(-7). Let j = 44 + s. Suppose 4*f + 3*r - 219 + 66 = 0, -3*f + j = -2*r. What is the units digit of f?
9
Let m = -1238 + 2108. What is the tens digit of m?
7
Suppose p + 443 = 2*r, 491 - 1407 = -4*r - 4*p. Let i = r + -130. What is the units digit of i?
4
Suppose -8*f + 46 - 6 = 0. Suppose 0 = 2*a - 10, -78 = -2*o + f*a + 261. What is the tens digit of o?
8
Let q(k) = 5*k**3 - 3*k**2 + 4*k - 5. Let f be q(2). Let p = f - -53. What is the tens digit of p?
8
Let y =